at is 22 - 1916?
-18d4
In base 10, what is 2042 + 33?
2075
In base 15, what is -2ab + 3e?
-26c
In base 7, what is 244 + 52?
326
In base 4, what is 10022 - -13220?
23302
In base 16, what is a + 55d4?
55de
In base 16, what is -1 - -6c8?
6c7
In base 13, what is 979b - 4?
9797
In base 13, what is -22a + -5?
-232
In base 10, what is -60 - -5732?
5672
In base 11, what is 99 - 103a?
-a51
In base 9, what is 1306 + -271?
1025
In base 16, what is 2 - 12ad9?
-12ad7
In base 16, what is -3 - -2579?
2576
In base 14, what is -a - -25b4a?
25b40
In base 6, what is 51143 + 33?
51220
In base 3, what is 2110011 + 2011?
2112022
In base 5, what is 112241334 - 10?
112241324
In base 6, what is 333212 + 3?
333215
In base 7, what is -1554 - 51?
-1635
In base 2, what is -11110011 - 11011110000110?
-11100001111001
In base 15, what is 3a - -2d7?
322
In base 15, what is -5 + -44ee1?
-44ee6
In base 11, what is 73053 - -1?
73054
In base 11, what is -1 - -30a765?
30a764
In base 7, what is 2 - 451335?
-451333
In base 11, what is 542 + 18?
55a
In base 12, what is -14253 - -2?
-14251
In base 14, what is 4 + -2b2db?
-2b2d7
In base 16, what is -5e74 + -5?
-5e79
In base 3, what is 11220222 + 2?
11221001
In base 16, what is 4 + 516?
51a
In base 8, what is 47 + -127016?
-126747
In base 5, what is 2 - -21104002?
21104004
In base 6, what is 33141 + -10?
33131
In base 13, what is 1 - 1426c?
-1426b
In base 15, what is 3 - 341?
-33d
In base 13, what is -54 - -1c1?
16a
In base 11, what is -1a34 - -52a?
-1505
In base 9, what is -11707 + 51?
-11646
In base 9, what is -10 - -7484?
7474
In base 8, what is 3 - 12606?
-12603
In base 2, what is 1010100 + 11110100?
101001000
In base 4, what is -10033231 + -30?
-10033321
In base 12, what is 18 + -1206?
-11aa
In base 8, what is -1 + -243022?
-243023
In base 7, what is -143410 - 2?
-143412
In base 13, what is 145 + -326c?
-3127
In base 10, what is -334 + -37?
-371
In base 4, what is 112323 + 1?
112330
In base 16, what is -afdae - -7?
-afda7
In base 4, what is 20333 + 1302?
22301
In base 14, what is 1c09 - -3?
1c0c
In base 10, what is -708 - 68?
-776
In base 5, what is 23010 - 334?
22121
In base 13, what is -9b - -1833?
1765
In base 12, what is -293609 - -5?
-293604
In base 13, what is 3ba + -42?
378
In base 13, what is 752 + -9b?
684
In base 10, what is 2770 + 12?
2782
In base 14, what is -4cb + -1?
-4cc
In base 13, what is 3 + 235a?
2360
In base 3, what is -122 + -2102022110?
-2102100002
In base 9, what is -557 + 1301?
633
In base 8, what is 47530 + -6?
47522
In base 5, what is -1021341 - 30?
-1021421
In base 12, what is -aa1 + 12?
-a8b
In base 14, what is -56514d + 3?
-56514a
In base 14, what is 2778d + -4?
27789
In base 2, what is 111001000 - -1010101001111?
1011100010111
In base 12, what is -1b48 + 39?
-1b0b
In base 5, what is 30401 - 10?
30341
In base 10, what is -8 - 210?
-218
In base 12, what is 0 + -3295?
-3295
In base 4, what is -2103 + 2110?
1
In base 5, what is 10334243 - 0?
10334243
In base 4, what is -1112001 + 23132?
-1022203
In base 8, what is -11 + 1373611?
1373600
In base 12, what is 51 + 2aab?
2b40
In base 13, what is 2 + 17a45?
17a47
In base 10, what is -397 - -20?
-377
In base 2, what is -111010011100111010100 + 11?
-111010011100111010001
In base 9, what is -15 + 172885?
172870
In base 2, what is 101010000111001010011 + -11?
101010000111001010000
In base 8, what is 2 + 27212?
27214
In base 4, what is -3 + -1203301?
-1203310
In base 2, what is -10000110111 - 101110?
-10001100101
In base 12, what is 6690 + 3?
6693
In base 13, what is 0 - 99c?
-99c
In base 10, what is 21632 + -15?
21617
In base 6, what is -10 - 1420201?
-1420211
In base 14, what is -2 - -88b01?
88add
In base 13, what is 1b7248 - -5?
1b7250
In base 2, what is -1 + -100001111101111000111?
-100001111101111001000
In base 12, what is 7 + -11437?
-11430
In base 16, what is 56e2 + -6?
56dc
In base 16, what is -5ecf4 + 3?
-5ecf1
In base 14, what is 4 - a7a5?
-a7a1
In base 3, what is -100002 - -2112102?
2012100
In base 10, what is 1 + 300471?
300472
In base 4, what is -110302103 + -3?
-110302112
In base 6, what is 130 + 20402?
20532
In base 9, what is -30 - 12671?
-12711
In base 6, what is 130 + 141050?
141220
In base 16, what is 21 + -15fc?
-15db
In base 6, what is -4 - 20330?
-20334
In base 5, what is -222 + -114003?
-114230
In base 7, what is 5012 + -2?
5010
In base 4, what is 11 - 1123213?
-1123202
In base 8, what is -70 + 3264?
3174
In base 4, what is -21300011 - 1?
-21300012
In base 11, what is -6948 - -1?
-6947
In base 7, what is 5463602 + -5?
5463564
In base 9, what is 17632 - -3?
17635
In base 14, what is 0 + aa06?
aa06
In base 7, what is -4 - 1344536?
-1344543
In base 14, what is 1a - -9537?
9553
In base 8, what is -572 - -314?
-256
In base 6, what is -1433 + 14033?
12200
In base 5, what is -220023 - -110?
-214413
In base 5, what is -4 - 41441?
-42000
In base 9, what is -633 + -80?
-723
In base 5, what is 1 - 14210204?
-14210203
In base 3, what is 102200102210101 + 1?
102200102210102
In base 3, what is -2 + -201212122?
-201212201
In base 8, what is -433110 - 15?
-433125
In base 4, what is 22122330 - 10?
22122320
In base 10, what is 55 - 826?
-771
In base 4, what is 2 - 12200233?
-12200231
In base 6, what is 2443534 + 1?
2443535
In base 15, what is -2 - -1b7e7?
1b7e5
In base 7, what is 554 + 1133?
2020
In base 15, what is 0 - 7223a?
-7223a
In base 12, what is -9529 + 27?
-9502
In base 10, what is -29 + 865?
836
In base 10, what is -6 + -17998?
-18004
In base 12, what is 235b43 + 3?
235b46
In base 15, what is 39a2a - 1?
39a29
In base 15, what is -23 - -99c?
979
In base 15, what is 7 + -3b?
-34
In base 6, what is -14 - 12540?
-12554
In base 5, what is -1 + -1031443?
-1031444
In base 4, what is 230 + 3000?
3230
In base 8, what is 1132 + 36?
1170
In base 10, what is 2 + -650782?
-650780
In base 10, what is 41 + 641?
682
In base 4, what is 220002232 - 21?
220002211
In base 13, what is -1 - -32c?
32b
In base 3, what is -1220 - -211220220?
211212000
In base 7, what is -3 - 115230?
-115233
In base 11, what is -613 - -3a?
-584
In base 16, what is 1 + e0?
e1
In base 4, what is 1003123210 - 130?
1003123020
In base 2, what is 0 + -1011000100101001110?
-1011000100101001110
In base 9, what is 345 + -24?
321
In base 5, what is 2 + -2430343?
-2430341
In base 14, what is -b + -172?
-17d
In base 2, what is 101000101111 - 100000101?
100100101010
In base 4, what is 221132 + -210?
220322
In base 11, what is -141 - 767?
-8a8
In base 7, what is 11 - 346004?
-345663
In base 6, what is -40 + -310?
-350
In base 6, what is -5230213 - 5?
-5230222
In base 9, what is -5270 + 5?
-5264
In base 3, what is -10 - -220100200?
220100120
In base 16, what is c - -df3?
dff
In base 7, what is -16 - 2365030?
-2365046
In base 2, what is -1110001 - 1110011100?
-10000001101
In base 10, what is 59 - -21?
80
In base 8, what is -1036566 + 3?
-1036563
In base 2, what is 111011000101110100 - 10?
111011000101110010
In base 15, what is 4 - 3d60e?
-3d60a
In base 13, what is 64 + -971a?
-9686
In base 14, what is 19 + -14cc?
-14b3
In base 2, what is 1000001101 - 100101000011?
-11100110110
In base 9, what is 4 - 371362?
-371357
In base 13, what is 57306 - -2?
57308
In base 11, what is -122 + -2a1?
-413
In base 9, what is -42 - 224063?
-224115
In base 2, what is 11000 + -10101101?
-10010101
In base 7, what is -24 + 144512?
144455
In base 7, what is 1652450 - 2?
1652445
In base 13, what is 7398 + 15?
73b0
In base 16, what is -7 - -1da?
1d3
In base 3, what is 12 - -2221012000?
2221012012
In base 2, what is -10100011 - -110001111?
11101100
In base 6, what is 5542 - 2?
5540
In base 14, what is -40d - 135?
-544
In base 4, what is -10 - 1003311220?
-1003311230
In base 4, what is 320121121 + -1?
320121120
In base 11, what is 42 + 2654?
2696
In base 2, what is -101 + -100100000011100010?
-100100000011100111
In base 16, what is -2 - 15915?
-15917
In base 14, what is -1 - 49a3?
-49a4
In base 4, what is 11 - 1203131033?
-1203131022
In base 12, what is -5a + -335?
-393
In base 7, what is 1 + -12532?
-12531
In base 9, what is 16 + -106?
-80
In base 5, what is -14102021 + 0?
-14102021
In base 2, what is -1111000101 - 1001101001?
-11000101110
In base 16, what is -28a0b + 3?
-28a08
In base 7, what is -440553 + 5?
-440545
In base 2, w